 the prime factors of p?
31
Let l be (3 - 4)*-257 - -1. Let o = 396 - l. What are the prime factors of o?
2, 3, 23
Let f = -534 + 1175. List the prime factors of f.
641
Suppose -63*b + 9014 = -17572. What are the prime factors of b?
2, 211
Suppose 0*b = -4*b - 16. What are the prime factors of b*(-108)/(-40)*15/(-6)?
3
Let z be (-1)/3*3 + -107. List the prime factors of z/(-11) - 4/(-22).
2, 5
Let o = -1 - -4. Let a be -2 - ((-9)/o + -14). Suppose -5*h + a = 5. What are the prime factors of h?
2
Let o(w) = 8*w**3 + 2*w**2 + 3*w + 1. Let l = 8 + -10. Let z be o(l). Let s = -30 - z. List the prime factors of s.
31
Suppose 3*i - 24 = -5*o, -i - 4*i + 9 = -2*o. Let u(h) = -4 - 23*h - i + 11*h. What are the prime factors of u(-5)?
53
Let v = -49 - -54. Suppose -3*d - 2*n + n = -137, -v*d + 200 = -4*n. What are the prime factors of d?
2, 11
Suppose x + 27 = -0*x + h, h = -4*x - 118. Suppose -25 = 5*k + 225. Let i = x - k. What are the prime factors of i?
3, 7
Let f be 8199/27 - (-6)/(-9). Let x = f - 166. List the prime factors of x.
137
Let q(r) = 96*r**3 - 2*r**2 - 4*r + 6. List the prime factors of q(1).
2, 3
Suppose -2*h = i + 85, -5*h + 0*h + i = 230. Let d = 1 - h. What are the prime factors of d?
2, 23
Let s(i) = i**2 + 44*i - 127. What are the prime factors of s(17)?
2, 5, 7, 13
Suppose 7195*z - 30 = 7189*z. Let m(s) = -s**3 - 2*s**2 + 1. Let a be m(-1). Suppose -z*x - x + 90 = a. List the prime factors of x.
3, 5
Suppose -31*g + 40*g = 8163. List the prime factors of g.
907
Let r be (-2265)/(-9) + 6/18. Let t = -121 + r. List the prime factors of t.
131
Suppose 5*x = 10*x + 70. Let m = x - -17. Suppose 4*c = -f + 3*f + 6, m*c - 15 = -2*f. List the prime factors of f.
3
What are the prime factors of (0 - (-21)/14)*1180?
2, 3, 5, 59
Let x(p) = p - 2. Let h(i) = -i**3 + 2*i - 5. Let c(g) = 3*h(g) - 7*x(g). Let w be c(-1). Suppose 10 = w*v + 2*v, -2*d + 28 = -2*v. List the prime factors of d.
2
Let d(l) = -5*l**3 - 23*l**2 - 90*l + 38. What are the prime factors of d(-9)?
2, 5, 263
Suppose 2*g + 2*k + 18 = 0, 3*g + 3*k - 8 = 7*g. List the prime factors of (456/(-9))/(g - (-42)/9).
2, 19
List the prime factors of 725 - ((-72)/(-3))/4.
719
Let m be 15 + (3 - 7)/4. Let q(p) = 4*p**2 + p. Let c be q(-1). Suppose -4*s + m = -c*s. List the prime factors of s.
2, 7
Let t(a) = -a**2 - 7*a + 9. Let p be 0/2*5/(-5). Suppose p = b - 6*b - 35. List the prime factors of t(b).
3
Suppose -10701 = -14*q + 3383. What are the prime factors of q?
2, 503
Suppose 0 = 2*x - 5*x + 7071. What are the prime factors of x?
2357
Suppose 38*t - 38 = -3*s + 36*t, 2*t - 70 = -5*s. Let i(m) = m**2 - 1. Let z be i(5). List the prime factors of (-15)/(-1)*s/z.
2, 5
Let s(f) be the first derivative of f**6/120 - f**5/120 - f**4/12 + 4*f**3/3 - 1. Let v(z) be the third derivative of s(z). List the prime factors of v(-2).
2, 3
Suppose -w - 112 = -3*g + 3*w, 5*g - 3*w = 194. Suppose 0 = 45*c - g*c - 520. What are the prime factors of c?
2, 13
Let u(w) = 2*w + 12. Let f(d) be the first derivative of -d**2/2 - 1. Let o(x) = -4*f(x) - u(x). What are the prime factors of o(13)?
2, 7
Let j(r) = -r**2 - 5*r + 9. Let z be j(-6). Let s(v) = v + z*v + 3*v + 2 + 0*v. List the prime factors of s(4).
2, 3, 5
Let q(u) = -3*u + 36. Let w be q(12). Suppose 4*d - 53 - 23 = w. List the prime factors of d.
19
Let z(f) = -f**3 + 24*f**2 + 3*f + 39. Let c be (141/(-6) + (-1)/2)/(-1). What are the prime factors of z(c)?
3, 37
Suppose -713632 = 124*s - 240*s. List the prime factors of s.
2, 769
Suppose 47 = 2*j - 3*b, 0*j + 3*b = -5*j + 107. What are the prime factors of j?
2, 11
Let t(v) = -v + 33. Let y be t(28). Suppose 2*x + x + 2*r - 66 = 0, y*r = -4*x + 88. List the prime factors of x.
2, 11
Suppose -2*f = -l + 19, -4*l - 2*f + 52 + 4 = 0. Let c = l - 7. Suppose c = 4*g - 0. List the prime factors of g.
2
Let n(d) = -48*d - 23 + 80 + 49*d. What are the prime factors of n(0)?
3, 19
Let z(f) = -146*f + 43. List the prime factors of z(-3).
13, 37
Let w be 3/12 - (-15)/20. Let q be w/5 + 428/10. Suppose v = -f + q, 2*v + 127 = 5*v + 2*f. What are the prime factors of v?
41
Suppose -8 = -2*x, -5*a - 4*x + 56 - 20 = 0. Let w be (-5)/7 - a/14. What are the prime factors of 19 + w - (-9)/3?
3, 7
Suppose 5*l - 522 = -82. Let f(b) = b**2 - b + 3. Let h be f(0). Suppose l = 4*o + 3*a + a, h*o - 4*a = 94. List the prime factors of o.
2, 13
Suppose 4*u = 8*u - 4*c - 2192, -u - 3*c + 552 = 0. List the prime factors of u.
3, 61
Let v = -7 + 9. Suppose -x - v*f = 2*f - 122, 0 = -2*x - 2*f + 244. What are the prime factors of x?
2, 61
Let b = -635 + 1798. List the prime factors of b.
1163
Suppose -97 = -l + 4*i + 71, 5*l - 909 = -3*i. What are the prime factors of l?
2, 3, 5
Let t be 0 + (3/1 - 5). What are the prime factors of t/(-1) + (-180)/(-10)?
2, 5
Let h(d) = 33*d**2 - 4*d + 51. What are the prime factors of h(-7)?
2, 53
Let w = 832 - 399. List the prime factors of w.
433
Let b(i) be the first derivative of 2*i**3/3 - 11*i**2/2 - 7*i + 15. List the prime factors of b(-7).
2, 3, 7
Suppose -11*o + 8*o = -744. List the prime factors of o.
2, 31
Let q be (-12)/(-3 + 2)*69/12. Suppose 7*x - 727 = -q. List the prime factors of x.
2, 47
Suppose -9*l = -3*v - 10*l + 12404, -4*v + l = -16541. List the prime factors of v.
5, 827
Suppose 14*v = -3*u + 15*v + 12401, 4*u - 2*v - 16532 = 0. What are the prime factors of u?
5, 827
Let w = -56 - -219. What are the prime factors of w?
163
Let u(k) = -k**3 - 13*k**2 + 10*k - 22. Let q be u(-15). Let w = q + -117. List the prime factors of w.
7, 23
Let q be ((-14)/3)/((-20)/3 - -6). Suppose 4*b - 319 = -q. What are the prime factors of b?
2, 3, 13
Suppose 0 = -4*q + 4*p + 36, -2*q + 5*p + 7 = -20. Let h(d) = -14*d + 20. Let b(m) = 13*m - 19. Let k(i) = 6*b(i) + 5*h(i). What are the prime factors of k(q)?
2, 17
Let m = -15 - -17. Suppose -5*k - 20 = -2*l, -4*l + 8 = -5*l - m*k. Suppose 2*a + 4*f - 14 = l, a + 3*a - 78 = 2*f. What are the prime factors of a?
17
Suppose 2 = -l + 1. Let m(p) = 33*p**2 + 3*p + 2. List the prime factors of m(l).
2
What are the prime factors of (-10)/(-8) + 198592/256?
3, 7, 37
Let s be (-12)/18*3/1 - -5. Suppose 191 = 2*j + 39. Suppose s*v - 7*v = -j. List the prime factors of v.
19
Suppose -18 = -3*a + x, -4*a - 2*x = 3*x - 5. Suppose 3*b + a*c + 6 = 0, -2*b + 3*c = -2*c - 21. List the prime factors of (58/3)/(2/b).
29
Suppose -2*o + 38*h - 34*h + 486 = 0, -5*o - 3*h = -1228. What are the prime factors of o?
5, 7
Let w = 8 + -20. Let x = 14 + w. Suppose x*y - 24 = -5*g, 3*y + 0*g = -2*g + 25. What are the prime factors of y?
7
Let o(a) = 153*a - 184. What are the prime factors of o(4)?
2, 107
Let t = -75 - -121. Suppose 0 = 4*y + 2*g - 294, -4*y + 315 = -3*g + t. List the prime factors of y.
71
Suppose -1125 = -21*t + 12*t. List the prime factors of t.
5
Let o be 2/3 - 180/(-54). Suppose 5*w = 2*j + 418, -o*w + 2*j = 7*j - 341. What are the prime factors of w?
2, 3, 7
List the prime factors of 1 - -132 - (-7 - -9).
131
Let o be -1*1*-10 + -2. List the prime factors of 6*14*2/o.
3, 7
Let w(u) = 141*u - 122. List the prime factors of w(8).
2, 503
Let o(y) = 26*y**2 + 2*y + 36. List the prime factors of o(-4).
2, 3, 37
Let p be 1 + 878/4 + 30/(-20). Suppose 5*h - p = -54. What are the prime factors of h?
3, 11
Let a be ((-4)/(-10))/((-1)/(-5)). Let n(y) = -4*y - 19. Let s(r) = 3*r + 18. Let x(i) = a*n(i) + 3*s(i). What are the prime factors of x(-11)?
5
Let g(q) = -q**2 - 9*q + 2. Let u = 14 - 21. Let i be g(u). List the prime factors of -1*i*9/(-6).
2, 3
Let p(a) = 7*a**3 - 11*a**2 + 12*a + 11. Let n(h) = -6*h**3 + 11*h**2 - 11*h - 10. Let t(s) = -6*n(s) - 5*p(s). List the prime factors of t(12).
13, 17
Suppose 5*b + 20 = 7*b - 4*a, 0 = 2*a + 6. Suppose 2*k = -4*p + 251 + 253, -b*p - 5*k + 510 = 0. What are the prime factors of p?
5
Suppose -3525 = -c - 1161. List the prime factors of c.
2, 3, 197
Suppose -4*l - 450 = -3*k, 45*k - 2*l = 44*k + 150. What are the prime factors of k?
2, 3, 5
Let i be (-3)/9 - (-34)/(-6). Let b = i - -11. Suppose b*c = 3*p - 135, 5*p = 3*c + 83 + 126. What are the prime factors of p?
2, 5
Let q(h) = 7*h**2 - 7*h. What are the prime factors of q(10)?
2, 3, 5, 7
Suppose t = -1, t - 25 = -0*l - 2*l. Suppose 0 = -12*s 